) = 5*s - 6. Suppose -j + 5*h - h - 10 = 0, -4*j - 26 = -2*h. Let k(g) = -12*g + 13. Let a(q) = j*k(q) - 13*t(q). Give a(-1).
-7
Let x(g) = -g**3 - 11*g**2 - 11*g - 14. Suppose -2*u + 5*l - 321 = 0, -336 = 3*u + 2*l + 174. Let p = u + 158. Determine x(p).
-4
Let t(w) = -w**2 - w. Let h(n) = -11*n**3 + 3*n**2 + 4*n. Let z(d) = -h(d) - 4*t(d). Let l(i) = -i**3 - 4*i + 17 + 5*i - 16. Let j be l(-1). Calculate z(j).
12
Suppose -6*x + 9*x = 3*s + 21, -x + 34 = -4*s. Let b(k) = k + 10. Calculate b(s).
1
Suppose 12 = -23*f + 27*f. Let y(h) = 21*h**2 - 14*h**2 + h**f + 6 - h - 6*h. What is y(-8)?
-2
Let s(v) = -v**2 - 7*v - 6. Let j = -8 + 22. Let r = -91 + 100. Suppose -2*t - t - r = 0, -2*p = 2*t + j. Determine s(p).
6
Let d = 169 - 175. Let g(l) = -l**2 - 8*l - 13. Calculate g(d).
-1
Let l(c) = -6*c**3 - 28*c**2 - 27*c + 6. Let k(h) = -h**3 - h**2 - h. Let s(q) = -5*k(q) + l(q). Determine s(-22).
6
Let m(y) = 5*y + 6. Let n(r) = -2*r - 3. Suppose -3*j = -3*s - 6, 2*j = -j + 2*s + 11. Let z(h) = j*n(h) + 3*m(h). What is z(6)?
3
Let n(r) = -23*r**2 + 18*r**2 - 142*r**3 + 141*r**3 + 7. What is n(-5)?
7
Let i(h) = 100 + 94 + 7*h + 93 - 280. Determine i(8).
63
Let s(j) = 7*j**2 - 2*j + 2. Suppose 3*k + 16 = 4*r, k - 3 = -5*r - 2. What is s(r)?
7
Let c(n) = n**3 - 6*n**2 - 3*n - 3. Suppose -4*v + 28 = 5*f, -3*f + 28 = 4*v - f. Determine c(v).
25
Let v(j) = 2 - 1 + j - 3. Let m = 109 - 103. Suppose m*d + 7 = -5. Calculate v(d).
-4
Let u(c) be the second derivative of c**5/20 - 3*c**4/4 + 17*c**3/6 - 7*c**2 + 52*c. Give u(7).
7
Let s = 1 - -3. Let g = 7 - s. Let p(b) = 3 - 20*b**2 + 0*b + 25*b**2 - 5*b - b**3. What is p(g)?
6
Let s be 6*(-1)/(-28)*42/108. Let a(d) be the second derivative of 1/2*d**2 - 4*d - 5/6*d**3 + 0 - s*d**4. Determine a(-3).
7
Suppose -21*m + 15*m = 24. Let z(a) be the first derivative of -a**3/3 - 3*a**2/2 + 2*a + 1. What is z(m)?
-2
Let b(l) = -3*l - 52*l**2 + 21*l**2 + 14*l**2 + 20*l**2 + 3*l**3. Determine b(2).
30
Let g(h) = -h**2 + 4. Let r(i) = 5*i**2 + i + 3. Let s(c) = -6*c**2 - c - 3. Let f(u) = -7*r(u) - 6*s(u). Let w(a) = -3*f(a) - 4*g(a). Give w(-5).
3
Let j(y) = y**2 - 11*y - 2. Suppose 283*n - 77 = 276*n. Calculate j(n).
-2
Suppose 15*i - 8*i - 42 = 0. Let k(o) = -o**2 + 15. Calculate k(i).
-21
Let y be ((-5)/(-2))/(4/(-8)). Suppose -2*g + 1 = -0*g + 5*p, -3*g + 12 = -3*p. Let i(s) = -4*s**g - 6 - 4*s**2 - 2*s**2 + 0*s**3 - 7*s + 3*s**3. What is i(y)?
4
Let a(l) = 40*l**3 + 3*l**2 + 7*l - 7. Let q = -3 + 29. Let d = -31 + q. Let t(f) = -27*f**3 - 2*f**2 - 5*f + 5. Let i(b) = d*a(b) - 7*t(b). Calculate i(1).
-12
Let o be 1/(-2) - 2/(-4). Let u be (o/(-3 - -4))/(-1). Let d(t) be the first derivative of t**3/3 - t**2/2 - 3*t - 1. What is d(u)?
-3
Suppose -4*i - 4*j - 28 = 0, -1 = 5*j + 9. Let w(o) = -o**2 + o + 1. Let b(f) = 4*f**2 - 7*f + 2. Let z(c) = b(c) + 5*w(c). Determine z(i).
-8
Suppose -2*r = -5 - 1. Suppose -r*c - 4 = -2*c. Let i(d) = d - 3. Let m(k) = -k + 2. Let w(o) = 3*i(o) + 4*m(o). Give w(c).
3
Let p(r) = 17*r + 20. Let g(c) = 4*c + 5. Let i be 2 + (0/2)/(2/(-2)). Let y(k) = i*p(k) - 9*g(k). Calculate y(-4).
3
Let i be (3 - 1/(-1)) + -1 + 1. Suppose i*h - 3*d = 19, 2*h - 27 = 8*d - 3*d. Let u(p) = -6*p**2 + 1. Determine u(h).
-5
Let c = 296 - 299. Let n(o) be the third derivative of -o**6/144 - o**5/120 + o**4/12 + 2*o**2. Let x(q) be the second derivative of n(q). What is x(c)?
14
Suppose 5 = -5*a + 10*a. Let g = -9 + a. Let u(v) = -v**2 - 8*v - 11. What is u(g)?
-11
Let w(r) be the first derivative of -r**2/2 - r + 85. Determine w(11).
-12
Let o(a) be the second derivative of a**4/12 + a**3/6 - 5*a**2 - 102*a. Give o(0).
-10
Let c(a) = a**2 + 15*a + 6. Let s(b) = 4*b**2 + 46*b + 15. Let r(q) = 7*c(q) - 2*s(q). Give r(14).
-2
Let k(q) = 7*q - 25. Let x be k(3). Let r(p) = 4*p + 8. Calculate r(x).
-8
Let k(y) = -4 - 6 - 10 + 22 + 11*y - 5. Give k(3).
30
Let q(g) = -13*g**3 - g**2 - 2*g - 1. Suppose 3*o + 5*j - 3 = 9, -4*o - 1 = j. What is q(o)?
13
Let z(v) be the second derivative of -v**3/6 + 5*v**2/2 + 2*v + 58. Determine z(-6).
11
Let d(p) = 2*p + 300*p**2 - 2 - 595*p**2 + 296*p**2. Calculate d(-5).
13
Let x(d) = -6*d + 1. Suppose 0 = -4*t - 5*k + 23, -3*k = -2*k - 3. Let z = t + 1. Suppose q - z = -2*q. Calculate x(q).
-5
Let p(h) = -4*h - 7. Suppose 18 = 22*r - 24*r - 4*m, 0 = -5*r + m - 12. What is p(r)?
5
Let q(s) = -10 - s - 2*s + 4. Let o be ((-1016)/(-127))/((-2 - (-2 + -1))*-2). Calculate q(o).
6
Let u = 59 - 59. Let y = u - -4. Let r(x) = 2*x - 2. Calculate r(y).
6
Let a(c) = -c**3 + 9*c**2 - 14*c + 6. Let k be a(7). Let x = -2 + 6. Let w = x - k. Let g(p) = 2*p + 2. What is g(w)?
-2
Let w be (3 - 1)/(1/32). Let a = w - 61. Let q(b) = -b - 1 - 2 - 1. Calculate q(a).
-7
Suppose 3*l + 5*w + 14 = 37, w + 1 = 5*l. Let f(q) = q - 1 + l - 3 + 0*q. Let j(p) = 2*p**2 - 4*p. Let s be j(3). Give f(s).
3
Let y(t) = -t + 7. Suppose -4*q + 3*q + 5 = v, -3*v + 6 = 0. What is y(q)?
4
Let i(v) = v**3 + 7*v**2 - 7. Suppose -2*q = 4*p - 6*q - 28, -17 = p + 5*q. Let m = -13 + 19. Suppose 0 = p*z + 27 - m. What is i(z)?
-7
Let z(m) = -m + 2. Let c(v) = -v**3 + 9*v**2 + 9*v - 3. Let i be c(8). Let s be 88/(-14) + 38/i. Determine z(s).
8
Suppose 3*d = 3*f - 3, 3*d - 28 = -2*f - 6. Let j be -2 - (3/d + 39/12). Let m(y) = -y**2 - 6*y - 9. Give m(j).
-9
Let p(j) = j + 10. Let k be p(-8). Let u be k/((4/(-4))/(-2)). Suppose u*a - 2 = -6. Let m(g) = 3*g**2 - 1. What is m(a)?
2
Let p(i) = 4*i**2 + 9*i - 2. Let y(x) = -3*x**2 - 4*x + 1. Let z(r) = 3*p(r) + 7*y(r). Give z(1).
-9
Suppose 135*s = 137*s + 12. Let c(k) = 6*k**3 - 7*k**2 - 13. Let w(l) = 5*l**3 - 7*l**2 - l - 12. Let n(j) = 6*c(j) - 7*w(j). What is n(s)?
0
Suppose 0*n + 5 = n + 4*h, 4*n - 5*h = -64. Let z(j) = -j**3 - 9*j**2 + 7*j + 52. Let u be z(-9). Let c = u - n. Let v(a) = a - 4. Give v(c).
-4
Let s(v) = 2*v**2 + 18*v - 32. Let c be s(2). Let p(m) = m**2 - 15*m + 3. Determine p(c).
-33
Let m be 0*(-3)/(-9) + 1. Let s be (3 - 0) + m + -3. Let k(o) = 2*o**2 + o - 1. Give k(s).
2
Let x be 6/(-8) + 11/4. Suppose -11 = 3*h - 3*z + 8*z, -3*h + 17 = -x*z. Let s(l) = 1 + 112*l**3 + 3*l**2 - 3*l - 53*l**3 + 2*l - 60*l**3. Determine s(h).
-2
Let j(g) be the third derivative of g**6/120 - 7*g**5/60 + g**4/4 + g**3 + g**2. Let o be 1/(-7) - 104/56 - -8. Give j(o).
6
Let c = -37 - -33. Let d be (-1)/((-1)/c) - 0. Let f be d + 7 + (-10 - -2). Let q(g) = -g**3 - 7*g**2 - 8*g - 7. What is q(f)?
-17
Let w(z) = z**3 + 16*z**2 + 29 - 9*z - 10*z**2 - 30. What is w(-7)?
13
Let w(x) = -4*x**3 - 58*x + 57*x - 8*x**2 + 3*x**2 + 7 + 5*x**3. Let i = 1 + 4. Give w(i).
2
Suppose 2*n + 36 = 32. Let v(w) = -2*w**3 - 2*w**2 + 2*w. Give v(n).
4
Let j(s) = -s**3 - 5*s**2 + 9*s - 10. Let t(z) = -35*z - 392. Let o be t(-11). What is j(o)?
25
Let x(m) = -5*m**3 + m**2 + m - 1. Let l = 16 - 28. Let b be 6/(-9)*l/8. Suppose 0*q + b = q. Give x(q).
-4
Let t(h) be the third derivative of -h**5/60 + h**4/2 - 5*h**3 + 358*h**2. Give t(10).
-10
Let q(i) = -i**2 + 6*i - 8. Suppose 27 + 9 = 9*t. Determine q(t).
0
Let z(c) be the third derivative of -c**6/120 + c**5/10 + c**4/4 + c**3 + 6*c**2. Suppose 0*r + r = 7. Let x be z(r). Let s(m) = -3*m**3 - m. Give s(x).
4
Let k(w) be the second derivative of -1/2*w**2 - w - w**3 + 0. Suppose -2 = -2*h - 4. Determine k(h).
5
Suppose -13 = -p + 9. Let d(c) = 22*c - p*c - 1 - c**2 + 0*c**2. Let g(z) = 3*z**2 + 2*z + 2. Let b(n) = 2*d(n) + g(n). What is b(-3)?
3
Let l(s) = 17*s**2 + 8*s + 7. Let v be l(-1). Suppose -3 - 109 = v*o. Let d(n) = n**2 + 4*n + 7. Determine d(o).
28
Let y(o) = -o + 6. Let q(h) = 5*h**2 - 3*h + 2. Let l be q(1). Suppose -4*v + 3*f = -12, -4*v - f = -2*v + l. Give y(v).
6
Suppose 4*j - 6*j - 12 = 0. Let c(i) = -622*i**2 - 8*i + 284*i**2 - 3 - i**3 + 331*i**2. Calculate c(j).
9
Let k(g) be the first derivative of 3*g**2/2 + 55. Determine k(-2).
-6
Let s(i) = -4*i + 86. Let z be s(14). Suppose -z*v + 28*v + 2 = 0. Let m(q) = 5*q**2. Calculate m(v).
5
Suppose 4*f + 0*g - 2*g - 110 = 0, 3*g + 84 = 3*f. Suppose f = 5*s - 8. Let m(h) = h**3 - 6*h**2 - 8*h + 3. Calculate m(s).
-4
Suppose -5*f - 18 = 3*z - 2*z, -5*z - 2*f - 182 = 0. Let v = z - -38. Let g(o) = o**3 + o**2 + 5. Determine g(v).
5
Let g(y) = -y + 13. Suppose 0 = 3*x - f - 17, -